alculate the remainder when c is divided by b(4).
2
Calculate the remainder when 4/(-14) + 100/7 is divided by 4.
2
Let z = 78 - 47. Suppose 1 = u - 16. Calculate the remainder when z is divided by u.
14
Let u = -16 - -16. Suppose u = -6*x + 144 + 330. Calculate the remainder when x is divided by 20.
19
Let d be (-278)/(-12) - 2/12. Let p(v) = v**3 + 9*v**2 + 5*v - 10. Calculate the remainder when d - (-1 + 2 - 3) is divided by p(-8).
11
Suppose -2*d + 9*i - 8*i + 53 = 0, 5*i = -4*d + 127. What is the remainder when 34 is divided by d?
6
Let c(q) be the first derivative of q**3/3 + 3*q**2/2 - q - 2. Let b(a) be the first derivative of c(a). Calculate the remainder when 42 is divided by b(4).
9
Let b(a) = a**2 + 7*a + 8. Let l be b(-6). What is the remainder when 2 - -1*10/l is divided by 4?
3
Let d(i) = 2*i + 2. Calculate the remainder when (-12)/15 - (-199)/5 is divided by d(4).
9
Suppose -3*c + 77 + 73 = 0. Let h = -529 + 555. What is the remainder when c is divided by h?
24
Let v be (-4)/24 - (-49)/6. Calculate the remainder when 15 is divided by (v/3)/((-2)/(-6)).
7
Let s = 107 + -77. Calculate the remainder when 87 is divided by s.
27
Let j = 76 + -34. What is the remainder when 125 is divided by j?
41
Suppose -f = -4*f + 75. Calculate the remainder when f is divided by 14.
11
Suppose -2*s + 83 = 3*z + 2*s, s = 4*z - 98. What is the remainder when 95 is divided by z?
20
Let u = -1 - 0. Let w be -7 - (u + -1 - 0). Let f = 25 + w. What is the remainder when f is divided by 11?
9
Let f = 21 - 14. Let z = 47 + -34. Calculate the remainder when z is divided by f.
6
Let c be ((-45)/(-4))/(6/(-16)). What is the remainder when c/(-4)*(-16)/(-6) is divided by 9/1 + 18/(-9)?
6
Let l(v) = 3*v - 4. Let y = 84 + -79. Calculate the remainder when l(4) is divided by y.
3
Let t = 66 + -62. What is the remainder when 12 is divided by t?
0
Suppose 4*h - c - 2 = 0, -2*h = c + 3 - 7. Suppose 4*i - 3*a - 72 = 0, -2*i = -3*i - 4*a - h. Calculate the remainder when 29 is divided by i.
14
Let w(d) = 25*d**2 - d. Calculate the remainder when 102 is divided by w(-1).
24
Let m(d) = 1 - 2*d - 2 - 1 - d. Let s(g) = g + 37. Calculate the remainder when s(0) is divided by m(-7).
18
Suppose 9 = 5*r - 1, 4*v = 5*r + 138. Let y(d) = 8*d + 3. Let i be y(-2). What is the remainder when v is divided by (-1 - -2) + -1 - i?
11
Suppose 0*m + 4*m = 0, 5*m = -4*z + 48. Calculate the remainder when 31 is divided by z.
7
Let k(g) be the first derivative of -g**3/3 - 4*g**2 + 2*g + 3. Let l be k(-9). Let s = l + 10. What is the remainder when 7 is divided by s?
1
Let y = -27 + 18. Let o be -2*(y/6)/1. Let n(r) = 2*r**2 - 2*r + 3. What is the remainder when 29 is divided by n(o)?
14
What is the remainder when 82 is divided by 48/(-112) - 150/(-7)?
19
Let i(o) = -4*o. Let n be i(5). Let z = 22 - n. What is the remainder when z is divided by 22?
20
Suppose 1620 = -6*b + b. Let l = b + 489. Suppose x + 4*x = l. Calculate the remainder when x is divided by 17.
16
Let z(l) = 4*l**2 - 4*l + 1. Suppose -2*u + 3*n = -7*u + 82, 0 = 5*u + n - 84. What is the remainder when z(4) is divided by u?
15
Suppose 2*u = l + 29, 0*u + 4*u + l - 67 = 0. Calculate the remainder when 62 is divided by u.
14
Let b(l) = -10*l - 73. What is the remainder when 3 + -1 - (-103 + -1) is divided by b(-10)?
25
Let i(d) = d**2 + 3*d + 14. Calculate the remainder when 46 is divided by i(0).
4
Let v = -8 + 11. Suppose 0 = 2*i + i. Suppose -2*c + 3*r + 16 = i, -3*c - 2*r = -3*r - 17. Calculate the remainder when c is divided by v.
2
Let f = 18 - 17. What is the remainder when 1 is divided by f?
0
Let v(r) = 6*r + 1. Let h = 0 + 1. Calculate the remainder when 19 is divided by v(h).
5
Suppose 2 = -3*x - 7. Let t be -1 + 2/(x - -1). Calculate the remainder when (1 - 0)/(t/(-50)) is divided by 9.
7
Let d(h) = -h**3 - 16*h**2 - 16*h - 8. Let n be d(-15). Suppose -5*o - n = -2*x, -2*x + 3*o - 2 = -15. Calculate the remainder when 21 is divided by x.
10
Let k(t) = t**3 - t**2 - t - 1. Let l(f) = 7*f**3 - 11*f**2 - 9*f - 2. Let m(w) = -6*k(w) + l(w). Calculate the remainder when m(6) is divided by 12.
10
Suppose 4*f - 96 = 80. Calculate the remainder when 174 is divided by f.
42
Let v(y) = y**2 + 25*y + 52. What is the remainder when v(-25) is divided by 22?
8
Let f = 39 + -74. What is the remainder when 39 is divided by (-76)/(-10) - 14/f?
7
Let n = -1 - -10. Let u = 9 + n. What is the remainder when u is divided by 10?
8
Let u = 11 + -5. Calculate the remainder when u/(-1 - (-6)/4) is divided by 7.
5
Suppose -2*b + 2 = -0*b. Let y = b - -12. What is the remainder when 38 is divided by y?
12
Suppose -5*n + 2*n = -147. Calculate the remainder when n is divided by 26.
23
Let h = 2 + 0. Suppose h*g + 3*g = 0. Suppose -4*s = -3*d + 62, 5*s + 61 = 3*d - g*s. Calculate the remainder when d is divided by 12.
10
Let d = 51 + -17. What is the remainder when d is divided by 12?
10
Let j be -1 + (-142)/((-4)/2). What is the remainder when (j/(-3))/((-6)/9) is divided by 12?
11
Suppose 3*p + 4*a = 40, 2*p = 3*p + 3*a - 10. Suppose 3*o - 2*o - 30 = 0. What is the remainder when o is divided by p?
14
Let d(f) = -f**3 + 6*f**2 + 10*f - 15. Let v(r) = r**3 - 2. Let l be v(2). Let j = l - 2. Calculate the remainder when d(7) is divided by j.
2
Let t(b) = -b**3 + 6*b**2 - 2*b - 2. Calculate the remainder when 23 is divided by t(5).
10
Let r = 3 - -6. Let b(f) = -3*f + 2. Calculate the remainder when b(-5) is divided by r.
8
Let w = 6 - 3. Let g(c) = 5*c - 4. Let l be g(6). Suppose 5*p - l = -6. What is the remainder when p is divided by w?
1
Suppose -4*g + 20 = -2*c, -3*c = -g + 4*g - 24. Let x(m) = -m + 8. What is the remainder when x(-2) is divided by g?
4
Let c = 18 - 12. What is the remainder when 21 is divided by c?
3
Let h(w) = 5*w - 17. What is the remainder when h(11) is divided by 13?
12
Let h(m) = -3*m**2 + 12*m - 5. Let q be h(8). Let p = 148 + q. What is the remainder when p is divided by 16?
15
Suppose 20 = -4*k - k. What is the remainder when 21 is divided by (-21)/(-2) + k/(-8)?
10
Let m = 123 + -73. Calculate the remainder when m is divided by 17.
16
Let j(l) = -l - 4. Let k be j(-9). Suppose -42 - 8 = -k*s. Calculate the remainder when 29 is divided by s.
9
Let l be 2*(-1)/(-1) + 6. Let o = l - 0. What is the remainder when o is divided by 3?
2
Let n = -11 + 80. Let q be 1*3*n/9. Let o = 60 - q. What is the remainder when o is divided by 13?
11
Suppose -9 - 1 = -5*x. Let h = x + 2. Let k(b) = b**2 - 2*b - 5. What is the remainder when k(h) is divided by 2?
1
Let r(s) = -s**3 + s**2 + 11. Let n be r(0). Let w = n + -4. What is the remainder when w is divided by 4?
3
Let r(w) = 17*w - 2. Let g(k) = k. Let n(p) = -2*g(p) + r(p). Let s be n(2). Let h = s - 10. Calculate the remainder when 53 is divided by h.
17
What is the remainder when 1 + -6 + (162 - -17) is divided by 11?
9
Suppose -4*r - 5*s = -85, -4*r + 62 - 17 = -3*s. Calculate the remainder when 56 is divided by r.
11
Let c = 48 + -21. What is the remainder when ((-4)/2)/(2/(-105)) is divided by c?
24
Let m = 10 + -7. Calculate the remainder when 19 is divided by ((-24)/(-3))/2 + m.
5
Let t(b) be the first derivative of b**2 - 6*b + 1. What is the remainder when 23 is divided by t(6)?
5
Suppose 0 = 2*u + 2*c + 2, -4*u + 0 = 2*c + 2. Suppose 5*d - d - 8 = u. Calculate the remainder when (6 + -4)*29/d is divided by 10.
9
Suppose -3*j - 3 = -18. What is the remainder when 16 is divided by j?
1
Calculate the remainder when 7 is divided by ((-8)/3)/(-3 + 7/3).
3
Let j = -6 - 14. Let w = j - -32. What is the remainder when 22 is divided by w?
10
Let a(r) = r**2 - 7*r + 11. Let o be (-12)/8*-6*1. What is the remainder when 113 is divided by a(o)?
26
Let l = 8 - -49. Suppose 0 = 5*j - l + 12. What is the remainder when 33 is divided by j?
6
Suppose 42 + 41 = n. What is the remainder when n is divided by 21?
20
Let h(l) = 3*l**2 - 2*l - 1. Let g(u) = u**2 + 7*u + 2. Calculate the remainder when h(-1) is divided by g(-7).
0
Let f be (-1)/2 + 42/12. Suppose -2*w - o + 11 = -20, 46 = f*w + o. What is the remainder when 29 is divided by w?
14
Let c = 13 + -7. Let w = -7 + 17. Calculate the remainder when w is divided by c.
4
Let z(r) = r**2 + 4*r - 6. Calculate the remainder when